ist the prime factors of (-1014)/(-18) - -1 - 2/6.
3, 19
Suppose -3*y + 2*y = 5*j - 18, 5*y = 15. Let r be 3*j/(-18)*-74. Let k = r + -16. List the prime factors of k.
3, 7
Let g = 1 - -2. Suppose 0 = 5*u - 3*t - 30, -2*u + 5*t + g + 9 = 0. List the prime factors of u.
2, 3
Suppose 3*p + 217 = 3*w + 43, -5*p - 184 = -3*w. List the prime factors of w.
53
Let t(z) = -8*z**2 + 5*z + 3. Let n(d) = 9*d**2 - 5*d - 3. Let c(h) = -6*n(h) - 7*t(h). Suppose a + a - 8 = 0. List the prime factors of c(a).
3
Let h be 0 + 3 + 6 + -2. Let l(f) = 4*f - 17. What are the prime factors of l(h)?
11
Let k = 2 + -47. Let r = k - -80. List the prime factors of r.
5, 7
Suppose -32 = -s + 10. Let v = s - 17. List the prime factors of v/(-15)*-1*3.
5
What are the prime factors of (4/8)/((-3)/(-210))?
5, 7
Suppose 2*j = 2*s + 54, 4*j = -0*j - 5*s + 153. List the prime factors of j.
2
Suppose 33 = 3*i + 5*o - 2, 4*i - 70 = -2*o. List the prime factors of i.
2, 5
Suppose -4*g + 0*g = -3*a - 6, 6 = -3*g - 3*a. Suppose -u = -5*j + 123, g = 2*j + 2*j - 5*u - 111. Let z = j - 16. What are the prime factors of z?
2
Let z be 0*(6/(-4))/(-3). Suppose -c + 2*b = -0*c + 3, -3*c + 4*b - 1 = z. Suppose c*m - 6 - 19 = 0. List the prime factors of m.
5
Suppose 36 = 5*g + 6. Let z be 6/4*16/g. What are the prime factors of z/(-6) - 32/(-12)?
2
Let i(t) be the first derivative of t**4 + 2*t**3/3 - t**2/2 + 8. Let a be 2/3 + 2/6. What are the prime factors of i(a)?
5
Suppose 4*a + l - 5 = 0, 5*a - 6*l = -l. Let o be (11/(-2) - a)*-2. Suppose b - 8 = u, 5*b - o = -u - 3. What are the prime factors of b?
3
Let f = 99 - -25. List the prime factors of f.
2, 31
Let n be ((-6)/4)/(3/(-4)). Suppose 0 = n*c - 0*c - 8. List the prime factors of c.
2
Suppose p + 181 - 18 = 4*c, -5*p - 215 = -5*c. Let i = -8 + c. What are the prime factors of i?
2
Let w = 113 - -7. List the prime factors of w.
2, 3, 5
What are the prime factors of (-2)/(-10) + -1 + 369/5?
73
Let r(x) = x + 3. Let j be r(-4). Let n be (j/(-2))/(2/(-28)). What are the prime factors of (3/(-1) - -2)*n?
7
Suppose 20 = 4*k, -2*k = -4*j - 0*j - 18. List the prime factors of (3 + j)*(-2 - -21).
19
Let r = 3 - 3. Suppose 5*l - 112 = -3*y, 3*l = -2*y - r*l + 75. List the prime factors of (-2)/(-1) + y/3.
3, 5
Suppose -4*i - i + 15 = 0. Suppose 0 = -3*r + 3*p + 2*p - 16, -i*r - p = -14. List the prime factors of r.
3
Suppose 0 = -7*s + 5*s + 12. Suppose 13 = g + w, -4*g + 43 = w - s. What are the prime factors of g?
2, 3
Let z = 17 + -10. Suppose 12*s - z*s = 170. List the prime factors of s.
2, 17
What are the prime factors of ((-20)/(-60))/((-2)/(-348))?
2, 29
Let p(f) = f**3 - 4*f**2 - 6*f + 5. Let s be p(5). Suppose 0 = -s*d - 3*d + 57. What are the prime factors of d?
19
Let m = 3 - 3. Let k(o) = o**3 - o**2 - o + 6. What are the prime factors of k(m)?
2, 3
Let c = -2 - -2. Suppose x = 3*x + 4*j - 54, c = 3*x - 4*j - 51. List the prime factors of 204/x + 4/14.
2, 5
Let w(t) = t**2 - 2*t + 3. List the prime factors of w(-3).
2, 3
Suppose 6*s = s + 5*h + 290, 3*h + 62 = s. Let r = s + -20. List the prime factors of r.
2, 3
Let n(a) = a**2 + 5*a + 3. What are the prime factors of n(-7)?
17
Let v = -25 - -40. List the prime factors of (v/18)/(3/18).
5
Let d(a) = -a**3 - 3*a**2 + 3*a. Let s = -9 + 5. Let t be d(s). Suppose -2*c + 3*v + 79 = 2*c, -23 = -c + t*v. What are the prime factors of c?
19
Let o be 8/16 + (-135)/2. List the prime factors of o/(-4) - 9/(-36).
17
Let b be ((-2)/4)/(1/(-6)). Suppose -b*i - 30 = -5*i. What are the prime factors of i?
3, 5
Let z(u) = -9*u**3 + u**2 - 3*u - 6. List the prime factors of z(-2).
2, 19
Let t be 3 - 3 - -1 - -21 - 3. Let a(l) = -4*l**2 + 2*l. Let w be a(2). Let r = w + t. List the prime factors of r.
7
Suppose -2*u = -b + 1, -5*u + 3 = -2. Suppose -5*t - 18 = -93. Suppose -b*y + t = x, 1 = 3*y - 2. What are the prime factors of x?
2, 3
Let c(p) = 4*p + 7*p**2 - 3 + p**3 - 2 - 3. Let y be c(-6). Suppose 5*s = y*s + 12. What are the prime factors of s?
2, 3
Let s(y) = 14*y**2 - 3*y - 1. Let m be s(-2). Let j = m - 28. What are the prime factors of j?
3, 11
Suppose -x + 2 = -2*q, 3*q - 2*x + 2 = -0*q. What are the prime factors of 7*(q/(-1) + -1)?
7
Suppose 4*y - 10 = r + 2, -4*y = 4*r - 12. Suppose -p = g - 0*p - 8, -g - 3*p + 10 = r. What are the prime factors of g?
7
List the prime factors of 10/4*1*(-43 - -47).
2, 5
Suppose 6 - 16 = -2*j. Suppose -s = k - 6, -5*s + 10*k = 5*k - 50. Let v = s - j. What are the prime factors of v?
3
Let y(j) = 3*j**2 - 3*j. List the prime factors of y(7).
2, 3, 7
Suppose 2*x = -5*l + 85, 3*l - 25 = 5*x - 5. Let y be 2/(-6) - (-65)/l. Suppose -21 = -o - y. List the prime factors of o.
17
Let q(s) = s**2. Let y be q(2). Suppose 0 = y*n + a - 29, 2*n - 5*a - 5 = -3*n. What are the prime factors of n?
2, 3
Let s(x) = x + 3. Let f be s(7). List the prime factors of 2/4*f*1.
5
Let u(w) = 6*w**2 + 3*w**2 + 3 - w**3 - w**2. Suppose -o = 2*j - 17, -2*j + 2*o + 13 = -1. List the prime factors of u(j).
3
Let s = 2 - -3. Suppose 2*g = -p - 0*p + 61, -4*g + s*p + 87 = 0. What are the prime factors of g?
2, 7
Suppose 3*v = 5*q + 128, -5*v + 3*q + 37 + 155 = 0. What are the prime factors of 552/v*3/2?
23
Let u(v) = v**3 - 17*v**2 + 4*v - 24. What are the prime factors of u(17)?
2, 11
Suppose 4*j - 2 = -l, 3*l - j - 4*j + 11 = 0. Let i be l - (-2 + -36 - -1). Suppose 0 = -4*y + 3*r + i, -4*y + 37 = -5*r - 0*r. List the prime factors of y.
2
Let b(i) = 0*i + 1 + 7 - 2 - 9*i**2 - i**3 - 3*i. What are the prime factors of b(-9)?
3, 11
Let n(s) = -s**3 + 10*s**2 + 19*s - 12. What are the prime factors of n(8)?
2, 67
Suppose 3*k - 4*l + 36 - 8 = 0, 0 = -5*k - 3*l - 8. Let i be k/(-6) + (-16)/(-3). What are the prime factors of (-1)/3 + 86/i?
2, 7
Let m = 167 + -44. What are the prime factors of m?
3, 41
Let s(o) = o**2 - 3*o - 1. Let u be s(4). Suppose 0 = -u*z + 3 + 150. List the prime factors of z.
3, 17
Suppose -2*u + u = 0. What are the prime factors of 1/(-3)*u + 3?
3
Let v be 2/8 + (-395)/(-20). Suppose j + 30 = 3*s, 4*s - 2*j - 22 = v. List the prime factors of s.
3
Suppose -2*u = 3*b + 3*u - 29, 5*b + 5*u = 35. Suppose g + 4*i = -2, b*g - 4*i + 0 - 58 = 0. What are the prime factors of g?
2, 7
Suppose -4*w + 24 = -w. Let g = -17 + w. Let q = g + 16. What are the prime factors of q?
7
Let k = 58 - 56. Suppose 0*y = -2*y + 26. Suppose -k*i + i + y = -5*h, 3*h + 33 = 2*i. What are the prime factors of i?
2, 3
Let y = -5 - -7. Suppose -7 = -3*k + f + 1, y*k - 14 = 5*f. Suppose 4*t - 34 = -k*p, -2*p + 2*t = p - 11. List the prime factors of p.
7
Let u = 4 + -2. Let t(o) = -10*o**3 + o**2 + 2*o + 1. Let v be t(-1). Suppose u*k - v = k. List the prime factors of k.
2, 5
Let h = -61 - -118. What are the prime factors of h?
3, 19
Suppose -p = 2*p. Suppose p = 2*r + 5*g + 35, -11 = r + 5*g + 19. Let m(o) = -o**2 - 8*o - 7. What are the prime factors of m(r)?
2
Let p(d) = -3*d**3 - 13*d**2 + 7*d - 5. What are the prime factors of p(-6)?
7, 19
Let x be 0*4/12*-1. Suppose x = -3*o + 2*o + 22. What are the prime factors of o?
2, 11
Suppose 6*g - 4*g + 5*a - 297 = 0, -800 = -5*g - a. List the prime factors of g.
7, 23
Let i = 6 + -12. Let a = i + 2. List the prime factors of ((-21)/(-6))/((-1)/a).
2, 7
Let r = 10 + -7. Suppose -6*n = -v - n + 38, -4*v - 5*n = -102. Suppose z - v = -4*y - r*z, -y = -3*z + 1. List the prime factors of y.
5
Let w be (-2)/(-1) + 7 + 1. Suppose 5*g - b + 2*b - 7 = 0, g + 4*b + w = 0. List the prime factors of g.
2
Let z(d) = -d**3 - d**2 + 1. Let u be z(0). List the prime factors of 11/u - (-2)/(-2).
2, 5
Let z = -24 - -34. List the prime factors of z.
2, 5
Let t(z) = 15*z**2 + z - 2. Let s be t(2). Suppose 5*m - 4*m + 4*c = 20, 0 = -3*m + 2*c + s. Suppose 0 = 5*w - 3*w - m. What are the prime factors of w?
2, 5
Let k(c) = -c**3 - 17*c**2 + 20*c - 11. Let p be k(-18). Let j = p - -78. List the prime factors of j.
31
Let f(j) = 7*j + 13. Let l be f(7). Let k = l + -33. List the prime factors of k.
29
Suppose 5*a = 3*j + j + 415, 143 = 2*a + 3*j. List the prime factors of a.
79
Let n be (-1)/(-5) + (-48)/15. Let l = 8 + n. Suppose -3*m = -4*m + l. List the prime factors of m.
5
Suppose 0 = 3*l - 131 + 38. What are the prime factors of l?
31
Suppose 0 = -4*u +